1
Let t(z) = -7*z**3 - 5*z**2 + 5*z + 36. What is t(-4)?
384
Let d(y) = y**2 - y - 456. Calculate d(-21).
6
Let w(m) = m**3 + 19*m**2 - 87*m - 423. Calculate w(-22).
39
Let m(l) = -l**3 + 28*l**2 - 178*l + 44. Calculate m(10).
64
Let i(k) = 14*k**2 - 16*k. What is i(1)?
-2
Let x(f) = f**3 + 14*f**2 - 26*f - 7. Determine x(-10).
653
Let y(f) = -955*f - 4774. What is y(-5)?
1
Let w(l) = -2*l**3 - 25*l**2 - 79*l - 11. What is w(-5)?
9
Let c(o) = o**3 + 49*o**2 + 292*o - 65. Determine c(-42).
19
Let m(u) = 1539*u - 6234. Give m(4).
-78
Let b(k) = -7*k**2 + 3*k - 10. Calculate b(2).
-32
Let h(g) = -91*g**2 - 7737*g - 167. What is h(-85)?
3
Let z(s) = 1098*s + 8772. Calculate z(-8).
-12
Let y(n) = -n**2 - 90*n - 509. What is y(-6)?
-5
Let z(t) = 29*t**3 + t**2 + 11*t + 11. Determine z(-1).
-28
Let v(b) = b**2 + 380*b + 6483. What is v(-18)?
-33
Let x(k) = -70225*k - 491575. Give x(-7).
0
Let l(a) = 30*a**2 + 51*a - 7. Calculate l(-2).
11
Let g(z) = z**3 - z**2 - 34*z + 1. Calculate g(-6).
-47
Let m(t) = -3*t**3 - 10*t**2 - 19*t - 32. What is m(-3)?
16
Let u(m) = 1647*m + 51064. Determine u(-31).
7
Let r(j) = 3*j**2 + 286*j - 486. Give r(-97).
-1
Let o(u) = u**2 + 66*u + 1107. Calculate o(-33).
18
Let q(g) = -55*g + 27. What is q(5)?
-248
Let c(n) = -n**3 - 7*n**2 + 42*n + 162. What is c(-10)?
42
Let d(p) = -25800*p + 25792. Calculate d(1).
-8
Let u(i) = -i**3 + 4*i**2 + 12*i - 4. Calculate u(5).
31
Let k(c) = -924*c - 32333. Calculate k(-35).
7
Let i(o) = o**2 + 557*o + 7074. Calculate i(-13).
2
Let g(v) = 212*v - 1030. Determine g(5).
30
Let y(h) = h**2 + 20*h - 497. Determine y(-34).
-21
Let h(y) = y**2 - 19*y + 85. What is h(27)?
301
Let h(j) = -5437*j - 48928. What is h(-9)?
5
Let w(j) = 1474*j - 84035. What is w(57)?
-17
Let r(k) = 70*k + 3919. Determine r(-56).
-1
Let t(d) = -d**3 + 16*d**2 - 46*d + 7. Calculate t(12).
31
Let k(u) = 119*u - 28. Give k(5).
567
Let b(t) = t**2 - 9*t - 49. Give b(11).
-27
Let m(l) = l**2 - 28*l + 97. What is m(18)?
-83
Let q(o) = 83*o + 187. Give q(-2).
21
Let f(n) = 3693*n - 7497. Determine f(2).
-111
Let a(m) = 348*m - 1871. Give a(7).
565
Let x(p) = -45*p + 3193. What is x(71)?
-2
Let v(x) = -x**3 + 13*x**2 + 27*x - 154. What is v(14)?
28
Let y(a) = -5*a**2 + 22*a - 44. What is y(2)?
-20
Let n(a) = -a**2 + 107*a - 1057. Give n(96).
-1
Let n(o) = 212*o + 224. What is n(-1)?
12
Let f(w) = w**3 + 2*w**2 - 182*w - 1079. Calculate f(-9).
-8
Let f(j) = 3*j**3 + 65*j**2 + 45*j + 76. Calculate f(-21).
13
Let w(p) = p**3 + 36*p**2 + 129*p - 72. Calculate w(-32).
-104
Let b(k) = 18*k - 399. What is b(19)?
-57
Let k(r) = 21*r**3 - 21*r**2 + 3. What is k(1)?
3
Let t(p) = p**3 + 50*p**2 + 53*p + 2676. Give t(-50).
26
Let w(b) = 6*b**2 + 2071*b - 2071. What is w(1)?
6
Let n(i) = 2*i**3 + 56*i**2 - 166*i - 5937. Determine n(-27).
3
Let q(y) = 13*y**2 + 51*y + 106. Calculate q(-2).
56
Let u(b) = -3147*b - 18885. Give u(-6).
-3
Let i(v) = -v**3 + 177*v**2 + 360*v + 3. Calculate i(-2).
-1
Let s(p) = p**2 - 13*p - 32. Determine s(-5).
58
Let v(h) = 74*h**2 - 21*h - 4. Calculate v(-1).
91
Let v(f) = -f**3 + 64*f**2 + 347*f - 102. Calculate v(69).
36
Let z(l) = 4*l**2 + 67*l + 27. Give z(-19).
198
Let j(p) = -58*p + 587. Give j(10).
7
Let z(f) = -f**3 - 4*f**2 + 45*f + 91. Determine z(-8).
-13
Let c(r) = -r - 81. What is c(15)?
-96
Let y(u) = -360*u + 21241. What is y(59)?
1
Let m(a) = -a + 35. Give m(0).
35
Let d(n) = -24*n**3 - n - 1. Give d(-2).
193
Let q(u) = 3*u**2 - 10*u + 17. What is q(-10)?
417
Let q(y) = -122*y + 31. Give q(-2).
275
Let s(c) = -79*c - 368. Give s(-8).
264
Let x(l) = 117*l - 18. Give x(-1).
-135
Let t(x) = -2*x - 363. Determine t(-12).
-339
Let i(x) = 308*x - 3264. Give i(11).
124
Let v(b) = -3*b + 1. Calculate v(-17).
52
Let y(h) = 5*h - 41. What is y(25)?
84
Let q(b) = -20*b - 405. What is q(-20)?
-5
Let j(h) = 3*h**2 - 80*h + 204. Give j(27).
231
Let k(u) = -147*u + 1774. What is k(12)?
10
Let m(p) = p**3 - 52*p**2 + 237*p - 4. Determine m(5).
6
Let j(c) = -554*c - 3397. Determine j(-6).
-73
Let f(w) = 78*w + 4455. Determine f(-57).
9
Let x(h) = -16*h + 317. Calculate x(18).
29
Let o(t) = t**3 - 9*t**2 + 352*t - 2735. Give o(8).
17
Let l(f) = 107*f - 138. Calculate l(1).
-31
Let a(m) = -406*m - 2429. What is a(-6)?
7
Let v(g) = g**3 - 74*g**2 + 2*g - 139. Determine v(74).
9
Let g(k) = -29*k + 2725. Give g(94).
-1
Let u(l) = -33*l + 1298. Determine u(36).
110
Let n(s) = -4*s**3 + 31*s**2 - 14*s + 63. Give n(6).
231
Let t(w) = 37*w**2 + 325*w - 4. Determine t(-9).
68
Let v(i) = 255*i - 14542. Calculate v(57).
-7
Let m(o) = 2*o**3 - 46*o**2 + 94*o - 2153. Give m(23).
9
Let u(c) = -130*c + 5. Give u(-1).
135
Let c(h) = -h**3 + 860*h**2 - 2576*h + 12. Calculate c(3).
-3
Let j(q) = -q**3 + 8*q**2 - 12. Calculate j(8).
-12
Let n(p) = -p**3 + 8*p**2 + 23*p + 120. Determine n(11).
10
Let u(v) = 121*v - 276. What is u(2)?
-34
Let t(j) = 19*j - 262. What is t(12)?
-34
Let d(l) = l**3 - 9*l**2 + 6919*l - 76346. Determine d(11).
5
Let i(z) = -z**2 - 61*z - 842. Determine i(-32).
86
Let v(k) = 187*k + 931. Give v(-5).
-4
Let o(l) = -158*l + 1921. Calculate o(12).
25
Let y(g) = 48*g + 2500. Give y(-51).
52
Let m(x) = -12*x**2 + 296*x + 774. Calculate m(27).
18
Let y(k) = 3*k**2 + 64*k + 2. Calculate y(-21).
-19
Let q(l) = -112*l + 9745. What is q(87)?
1
Let a(m) = 88*m + 256. Give a(-3).
-8
Let n(p) = 11*p**2 + 552*p + 5610. What is n(-36)?
-6
Let n(o) = 4*o - 61. Give n(14).
-5
Let d(u) = -47*u - 1027. Determine d(-20).
-87
Let t(c) = -6770*c - 13505. Give t(-2).
35
Let a(o) = -o**3 - 60*o**2 - 777*o + 29. Determine a(-42).
911
Let p(h) = 8*h**2 - 15*h + 2. Calculate p(0).
2
Let u(g) = -g**3 + 19*g**2 + 221*g + 33. Give u(-8).
-7
Let u(m) = -172*m - 10681. Determine u(-62).
-17
Let w(u) = 108*u - 1728. What is w(16)?
0
Let i(o) = o**2 + 303*o + 3219. Calculate i(-11).
7
Let o(k) = 2*k**3 + 115*k**2 + 274*k - 71. What is o(-55)?
-16
Let v(a) = -a**3 - 12*a**2 + 7*a - 68. Calculate v(-13).
10
Let b(l) = 39*l + 4211. Determine b(-108).
-1
Let m(i) = 3*i**3 - 16*i**2 - 25*i + 118. What is m(7)?
188
Let q(g) = -g**3 - 9*g**2 + 12*g + 101. Give q(-9).
-7
Let o(a) = a**3 + 8*a**2 - 140*a - 970. Give o(-13).
5
Let j(u) = -793*u + 3982. What is j(5)?
17
Let b(j) = -14*j + 289. Give b(28).
-103
Let d(h) = -9*h + 521. Give d(56).
17
Let p(w) = -7*w**3 - 5*w**2 + w + 8. Give p(-1).
9
Let k(w) = -45*w + 121. Calculate k(11).
-374
Let k(j) = -j**3 - 24*j**2 - 117*j + 176. Calculate k(-16).
0
Let v(n) = -n**2 + 44*n + 1199. Give v(-19).
2
Let f(s) = -7*s + 673. Give f(95).
8
Let b(l) = 7*l**2 - 506*l + 2463. Calculate b(67).
-16
Let y(w) = w**2 - 32*w + 250. Calculate y(14).
-2
Let u(j) = 50*j - 605. Determine u(12).
-5
Let m(n) = -n**2 + 89*n + 1836. What is m(106)?
34
Let o(k) = -239*k - 2617. What is o(-11)?
12
Let f(y) = 2*y**3 - 34*y**2 - 1261*y + 31. Calculate f(35).
-4
Let j(w) = -8*w**3 - 1351*w**2 + 170*w + 144. Give j(-169).
-25
Let d(u) = -10*u**3 - 65*u**2 + 22*u - 117. Determine d(-7).
-26
Let r(g) = 2*g**3 - 18*g**2 + 38*g - 14. Give r(6).
-2
Let v(g) = -83*g + 7548. Determine v(91).
-5
Let s(k) = k**3 + 13*k**2 + 33*k + 6. Calculate s(-11).
-115
Let b(q) = 39*q**2 - 3*q + 2. What is b(1)?
38
Let s(g) = -g**3 + 7*g**2 + 66*g - 9. Give s(-8).
423
Let x(j) = 2*j**3 - 12*j**2 - 13*j + 85. Calculate x(6).
7
Let k(o) = -9*o**2 + 58*o + 1. Calculate k(7).
-34
Let h(k) = k**3 - 42*k**2 + 190*k + 7. Give h(37).
192
Let q(t) = -t**2 - 774*t + 7819. Calculate q(10).
-21
Let h(r) = -6*r**2 + 155*r - 931. Determine h(16).
13
Let z(d) = 2*d**3 + 163*d**2 + 1178*d + 26. Give z(-8).
10
Let l(k) = -6*k**3 - k**2 - 164*k + 164. Calculate l(1).
-7
Let m(b) = 76*b - 718. Give m(10).
42
Let m(v) = -106*v - 2312. Give m(-22).
20
Let h(l) = 37*l - 1453. Give h(39).
-10
Let b(r) = -r**3 - 17*r**2 + 83*r + 450. Determine b(-20).
-10
Let n(b) = 218*b - 2608. Give n(12).
8
Let x(k) = k**3 + 3*k**2 - 18*k - 54. What is x(-3)?
0
Let z(x) = 17*x - 245. Give z(16).
27
Let w(l) = -4315*l + 103570. Determine w(24).
10
Let g(h) = 2*h**2 - 257*h - 7127. What is g(152)?
17
Let j(t) = -6*t**2 - 38*t - 56. Determine j(-2).
-4
Let y(a) = 11*a**2 - 126*a - 37. Give y(11).
-92
Let l(f) = -256*f**2 + 2556*f + 6. Give l(10).
-34
Let k(c) = 29*c**3 + 2*c*